s digit of o?
7
Suppose -686*f = -680*f. Suppose f = -64*n + 68*n + 4*r - 2996, n = 5*r + 743. What is the tens digit of n?
4
Suppose -11*y + 159879 = 425 + 25166. What is the ten thousands digit of y?
1
Suppose -5*r + 4645 = 5*w, -6*r + 8*r - 2*w = 1838. Suppose 5*g = 8*g - r. What is the hundreds digit of g?
3
Let j(y) = 19*y - 15. Let h be j(1). Suppose 5*n - h*r - 166 = -0*r, 78 = 3*n + 3*r. What is the units digit of n?
0
Suppose -1083 + 115 = -22*j. Let n = 91 - j. What is the tens digit of n?
4
Let a = 9093 + -1048. What is the thousands digit of a?
8
Suppose -14*q - 56 = -0*q. What is the units digit of 78/q*136/(-12)?
1
Let r = 114 - 99. What is the tens digit of 6/r - 4428/(-30)?
4
Let r be (522/(-10))/(6/(-30)). Let t = 442 - r. Suppose 2*u = t - 55. What is the tens digit of u?
6
Let p(o) = 2*o + 17. Let k be p(-7). Suppose -10 - 35 = -k*i. What is the units digit of (3/(i/2))/((-2)/(-440))?
8
Let f(w) = 7*w**3 + 7*w**2 + 53*w - 508. What is the hundreds digit of f(11)?
2
Suppose 0 = -f - 2*j - 14, 3*f + 18 = -4*j + 6*j. What is the units digit of (-29)/((9 - 5)/f)?
8
Suppose 12*u - 16598 = 13222. What is the tens digit of u?
8
Let m(d) be the first derivative of -27*d**2 - 10*d + 2138. Let t(n) = -2*n**2 - 3*n. Let r be t(-2). What is the units digit of m(r)?
8
Let k = 33679 - -29596. What is the units digit of k?
5
Let m be 50052/25 + (-16)/200. Suppose -3*t - 4*o + m = o, 4*t - 2651 = -3*o. What is the tens digit of t?
5
Let a(d) = 14*d**3 + 4*d**2 - 3*d - 7. Let b be a(4). Let m = 1983 - b. What is the tens digit of m?
4
Suppose 2*b = -3*f + 32, f - 3*b - 2 + 6 = 0. Let v be (-10)/3*((-2244)/f - 0). Suppose 185 = -6*x + v. What is the units digit of x?
5
Suppose -17 = -2*z - 13. Suppose -z*y + 2114 = 2*k, -k = 3*y + 192 - 1251. What is the hundreds digit of k?
0
Suppose -5*x = -5*h + 5485, 2*x - 15 = -x. What is the units digit of (h/57)/(3/54)?
8
Suppose -2*f + 8 = z, -5*f + 4*z - 11 = -31. Suppose -3*i + 2*i + 146 = -3*w, f*i = 2*w + 534. What is the units digit of i?
1
Let k = -34 + 37. Let i be (2/(-5))/(k - 364/120). What is the units digit of (3/(-9) - (-4)/i) + 120?
0
Let m = -1731 + 871. Let r = m + 589. Let o = 429 + r. What is the units digit of o?
8
Suppose s + 3*h - 4829 = 0, 30*h - 34*h = -2*s + 9628. What is the hundreds digit of s?
8
Suppose 3*c - 2*t - 38 = 0, -c + 4*t + 16 = 5*t. What is the hundreds digit of (-4)/c - ((-11840)/35 + -7)?
3
Suppose -4*j = -c + 53858, -11*j = 3*c - 95051 - 66684. What is the thousands digit of c?
3
Suppose -2252*t + 2269*t = 79173 + 15330. What is the hundreds digit of t?
5
Suppose 523*q - 504*q - 274963 - 118223 = 0. What is the tens digit of q?
9
Suppose -504 = 14*f + 672. What is the units digit of (f - (-3 + 3))*95/(-15)?
2
Suppose -72*t + 3*i = -77*t + 13356, 4*t + 4*i = 10680. What is the hundreds digit of t?
6
Let m = 15241 + -10383. Suppose -3*t + m = 5*j - 7*t, -1960 = -2*j - 4*t. What is the hundreds digit of j?
9
Suppose -2*u = w - 40887, -123*w + 3*u = -116*w - 286362. What is the hundreds digit of w?
9
Suppose -2*v + 10*x - 7*x - 20 = 0, 0 = -v + 4*x. Let l(y) = -52*y - 145. What is the hundreds digit of l(v)?
6
Let j be 2 - (-310 - (-13)/(39/(-18))). Let y = j + 150. What is the units digit of y?
8
Let l(u) = -u**2 - 23*u - 20. Let b be l(-11). Let n be -40*((-2)/6 - b/6). Suppose -4*f + n = 4*f. What is the units digit of f?
5
Let r(d) = 2*d**2 + 4*d + 14. Let j be r(-5). Let q = 235 - j. Suppose -q = -8*y - 23. What is the units digit of y?
1
Suppose 0 = -q + f + 11901, 1147*q - 1142*q = -f + 59523. What is the units digit of q?
4
Let y = 88 + 51. Suppose -3*m - 5*z + 2172 = 0, -5*z + 575 + y = m. What is the units digit of m?
9
Let g = 513 + -689. What is the tens digit of (2 + 116)/(2/g*-11)?
4
Let d = -712 + 1207. Suppose -18*f = 27*f - d. What is the units digit of f?
1
Let h = -145 + 257. Let l = -78 + h. What is the tens digit of l?
3
Let s(z) = -1528*z - 10. What is the thousands digit of s(-3)?
4
Let m(n) = -2*n + 6. Let t be m(-9). Suppose 3*b = -5*w + 135, -b - b = -5*w - 90. Let p = b - t. What is the units digit of p?
1
Let o = 7700 - -8367. What is the hundreds digit of o?
0
What is the units digit of (-4)/(-14)*1 + 37/((-1295)/(-27220))?
8
Let s be (-6)/((-18)/(-15)) + 25. Let a(l) = 4*l + 62. Let q be a(s). Suppose q - 529 = -3*h. What is the hundreds digit of h?
1
Let f = 131799 - 88912. What is the thousands digit of f?
2
Let r = -124 + 687. Let f = -373 - -650. Suppose 7*z - r = f. What is the hundreds digit of z?
1
Suppose 47 - 124 = -7*z. Let y = 13 - z. Suppose y*s - s = 2*w + 32, 3*s - 5*w = 98. What is the units digit of s?
6
Let l(a) = -a**3 + 10*a**2 - 7*a - 1. Let w be l(8). Suppose 2*c - 98 = -28*f + 26*f, 5*c = 5*f - 205. Let o = w - f. What is the tens digit of o?
2
Let k be (2 + 220/(-35))/(3/84). Let m = k - -164. What is the tens digit of m?
4
Suppose 2*h - 31 = -23. Let l(w) be the third derivative of 9*w**4/4 + 5*w**3/6 - 13*w**2. What is the hundreds digit of l(h)?
2
Suppose 8*d - 40544700 = -441*d. What is the thousands digit of d?
0
Suppose -2*b - 41 - 37 = 0. What is the hundreds digit of 5 - (-13)/(b/(-606))?
2
Let m = -49 + 52. Suppose m = 3*a - 2*a. What is the units digit of (25 + 2)*9/a?
1
Let v be 20/650*5 - 2172348/(-26). Suppose 81*m - v = 25*m. What is the units digit of m?
2
Suppose -4*b - 4*h = -176231 + 29995, -109689 = -3*b + h. What is the tens digit of b?
6
Let u(m) = 14*m**2 - 16*m - 90. Let b be u(-5). Let k = 313 + b. What is the hundreds digit of k?
6
What is the hundreds digit of (2 - 0)*(-62)/372*-20955?
9
Let z(f) = -f**3 - 17*f**2 - 22*f - 155. What is the hundreds digit of z(-22)?
7
Let s = 141 - 139. What is the tens digit of 9*(16/(-60))/(s/(-55))?
6
Let q(x) = -495*x**3 + 27*x**2 - 3*x + 1. What is the tens digit of q(-2)?
7
Suppose -43*u + 52*u = 297. Suppose 0 = 31*a - u*a - 2*z + 2628, a - 1330 = -5*z. What is the units digit of a?
0
Let p = -6 - 38. Let w = 46 + p. What is the tens digit of (-1228)/(-34) + w/(-17)?
3
Suppose -3*n = 2*f + 12, -3*f + 20 = -5*n - 8*f. Let y be ((-6)/n*-4)/(-2). Let x(c) = 44*c + 21. What is the tens digit of x(y)?
5
Let i(y) = 13*y**3 - 15*y**2 - 62*y + 448. What is the tens digit of i(9)?
5
Suppose 4*a = -c - 4*c - 126, 0 = 4*a - 5*c + 146. Let h = a + 37. Suppose h*k - 294 = -2*x, -5*x + 480 = -4*k - 255. What is the tens digit of x?
4
Let g = 5277 + -4075. What is the tens digit of g?
0
Let h = -16 - 75. Suppose -5*f + 1345 = 5*a, 15*f - 17*f + 535 = -a. Let z = f + h. What is the units digit of z?
7
Let v be -3 - (-5 + -1) - 0/8. Suppose 136 = v*t + 2*a, 2*t - 67 = 3*a + 15. What is the tens digit of t?
4
Suppose 5*u + 4 = 49. Suppose u*r - 8 = 28. What is the tens digit of (r + (2 - 39)*-2)*2?
5
Let l(f) = 2*f**3 - 14*f + 205. What is the tens digit of l(15)?
4
Suppose 4*q = 9*q + 3*a - 29, -5*q + 2*a + 39 = 0. Suppose 13*p - q*p = 750. What is the tens digit of p?
2
Suppose -5*k = p - 1955, 5*p = 5*k + 9050 + 845. Suppose s = 2*b + p, -b - 1 = -0. What is the hundreds digit of s?
9
Suppose 5*g = 8*j - 4*j - 40831, 5*j - 4*g - 51041 = 0. What is the hundreds digit of j?
2
Let q(z) = 30*z**3 - 8*z**2 + 49*z - 156. What is the hundreds digit of q(7)?
0
Let z be ((-9)/117*-13)/(1 - 0). Let h(p) = 1601*p**2 - 4*p - 1. What is the thousands digit of h(z)?
1
Let s be 701 + (-40)/(-25)*(-15)/6. Let c = s + -141. What is the tens digit of c?
5
Suppose 5*h - l = -6*l - 5, 4*h - l = 1. What is the units digit of 1*(8 + -5 - h/(-2))?
3
Suppose -6*n = -30 - 12. Suppose n*x + 12 = 13*x. What is the tens digit of x*3*30/9 + 1?
2
Suppose 2*l + 6821 - 20319 = 4*u, 5*u = 3*l - 20244. What is the thousands digit of l?
6
Suppose -p - 5 - 3 = 0. Let x be p/(-24) + (-28)/(-6). Let d(q) = 3*q**2 - 6*q + 12. What is the units digit of d(x)?
7
Let g = 14310 - 3445. What is the thousands digit of g?
0
Let q(s) = -11*s + 106. Let d(o) = -12*o + 104. Let j(u) = 6*d(u) - 8*q(u). What is the hundreds digit of j(50)?
5
Suppose 20*b = -49*b + 299115. What is the hundreds digit of b?
3
Suppose 3*m - 24 = 2*m + 5*d, -4*m - 5*d = -21. Let n(i) = -m*i + 5*i - 17*i. What is the units digit of n(-3)?
3
Suppose 5*z - 3*y = 12216, 406*z - 9774 = 402*z + 2*y. What is the units digit of z?
5
Let 